nd 86?
43
Let x = 203 - 91. Let s be -2 + 3 - -1 - -30. What is the highest common factor of s and x?
16
Let i be 246/(-21) + 12 - 460/(-7). What is the highest common factor of i and 24?
6
Let u be (8/(-80)*5)/(2/(-16)). Calculate the greatest common factor of u and 12.
4
Suppose 17*z - 25 = 12*z. Calculate the greatest common divisor of 260 and z.
5
Let p be (84/10)/(2/5). Let c be -3*4*(-7)/p. Let z be 16 - 2/c*-6. Calculate the highest common factor of z and 19.
19
Let f = 99 + 108. Calculate the greatest common factor of f and 23.
23
Suppose -2*n + 6 = 0, 4*n + 8 = 2*p + 4. What is the highest common divisor of 124 and p?
4
Suppose 392 = 12*o + 104. Calculate the greatest common factor of o and 8.
8
Let a = 141 - 140. Suppose a = 5*l - 3*s - 171, -5*s = -4*l + 135. What is the greatest common factor of 35 and l?
35
Let q = -23 - -23. Suppose 3*n - 6*r + 2*r + 25 = q, 4*n = -r - 46. Let j = -6 - n. Calculate the greatest common divisor of 5 and j.
5
Suppose p - 6 = l, -2*p + 3*l + 6 = -p. Suppose f + p = -5*c - 0*c, -c - 81 = -4*f. Calculate the highest common divisor of 133 and f.
19
Let h = 589 - 299. Calculate the highest common divisor of h and 10.
10
Let w(d) = 11*d + 75. Let g be w(-10). Let f = 38 + g. Calculate the greatest common factor of f and 21.
3
Let q(o) = 0*o - 2*o + 4*o**2 - 3 - o**3 - o**3. Suppose 3*k + 2*w + 4 = 3*w, -3*w = -2*k + 9. Let i be q(k). Calculate the highest common factor of i and 31.
31
Let z be ((-66)/(-42))/(-6 - 1389/(-231)). Calculate the greatest common divisor of 297 and z.
11
Let l = 103 + -60. Suppose 5*m = -2*p - 6 - 25, m = -5*p - l. Let f be 16/(-6)*42/p. What is the highest common factor of 21 and f?
7
Let i = -56 - -58. Suppose -i*c = o - 41, -2*o = 2*o - 4*c - 188. What is the greatest common factor of 5 and o?
5
Suppose -9*p = -16*p + 77. Suppose 3*k = k + 78. Let q = k - 28. Calculate the greatest common factor of q and p.
11
Suppose -9 = 2*w - 2*j - 25, -w = 5*j - 2. What is the highest common divisor of 98 and w?
7
Let m = 134 - 94. Calculate the highest common divisor of m and 16.
8
Let k be (208/6)/(14/42). Calculate the highest common divisor of 65 and k.
13
Let d be 6*(-4 + (-32)/(-3)). Let o = -214 - -76. Let w = 238 + o. Calculate the highest common divisor of w and d.
20
Suppose -2*o + 9 = -17. Let f(a) = a**2 + 8*a - 52. Let y be f(-21). Calculate the greatest common factor of y and o.
13
Let u = -66 + 86. Let y be 3 - ((-15)/5 + -24). What is the greatest common divisor of u and y?
10
Let y be 8924/32 - 15/(-120). What is the greatest common divisor of 18 and y?
9
Suppose 0 = -5*f - 32 + 2. Let x be 4/(-3)*63/f. What is the highest common divisor of 42 and x?
14
Let k(c) = -c**2 + 20*c - 27. Let j be k(19). Let f = j + 18. Calculate the highest common factor of 110 and f.
10
Suppose 5*d - 1673 = -2*d. Suppose -7*v - 57 = -d. Calculate the highest common divisor of 39 and v.
13
Let w(y) = y**2 + 11*y + 22. Let u be w(-9). Suppose h = -u*i + 26, -2*h - 86 = -6*h + 2*i. Calculate the highest common divisor of 2 and h.
2
Suppose -3*l = 5*g + 39, 2*g + 25 = 3*l + 1. Let t = 2 - g. What is the greatest common divisor of 143 and t?
11
Let g be (7/(-4))/(-11 - 9496/(-864)). What is the greatest common divisor of g and 7?
7
Let a = 149 + -214. Let n = a + 149. Calculate the greatest common factor of n and 126.
42
Let p = 18 + 34. Suppose 3*a + 63 = -4*m, 4*a + 7 = 3. Let h = 28 + m. What is the greatest common factor of p and h?
13
Suppose -4*g + 19 + 25 = 0. Suppose g*j = 8*j + 114. Calculate the greatest common factor of j and 95.
19
Let w(t) = 2*t**3 - 5*t**2 - 5*t + 12. Let d be w(4). Let z = 8 - 4. Suppose -z = 2*h + 3*y + y, 15 = -3*y. Calculate the highest common factor of d and h.
8
Let c(j) = 31*j - 3. Let t be c(3). Suppose 1087 = 12*f + 871. Calculate the highest common divisor of t and f.
18
Let c = 368 - 352. Calculate the greatest common divisor of 368 and c.
16
Suppose 5*t + 5*n - 115 = 0, 4*t - n - 67 - 30 = 0. What is the highest common factor of t and 150?
6
Let r(p) = p**2 - 28*p - 596. Let j be r(47). Calculate the highest common factor of j and 11.
11
Suppose -2*i = -3*j + 3*i + 62, 4*i = -16. Let p = 149 + -114. What is the highest common factor of p and j?
7
Let p(j) = -2*j**2 - 41*j - 33. Let f be p(-19). Calculate the highest common divisor of 42 and f.
6
Suppose 3*s + 2 + 7 = 0, -4*s + 24 = 2*d. Suppose 0 = -4*f - f - 70. Let g = f + d. What is the greatest common factor of g and 2?
2
Suppose -4*w - s - 14 = 44, 5 = -w - 5*s. Let a = w - -20. Suppose -a*k + 4 - 1 = 2*x, 4*x = -2*k + 46. What is the greatest common factor of x and 126?
14
Suppose 20*a - 489 = 871. What is the highest common factor of 17 and a?
17
Let j(b) be the first derivative of 22*b**3/3 + b**2/2 + b + 3. Let i be j(2). Calculate the greatest common factor of i and 13.
13
Let w = -7 - -9. Suppose 5*a = -5*y - 95, -2*a = -4*y - 32 - 32. Let h = -15 - y. Calculate the highest common factor of h and w.
2
Let j = 25 - -50. Let p = 127 - 112. Calculate the greatest common divisor of p and j.
15
Suppose 2*q + 8*k = 46 + 18, 0 = 2*q - 3*k - 53. Suppose 4*j - 21 = 7. Calculate the greatest common divisor of j and q.
7
Let o(s) = s**3 - 3*s**2 - s - 1. Let u be o(3). Let f(z) = z**2 + 4*z + 14. Let x be f(u). What is the highest common divisor of 56 and x?
14
Suppose -g - 5*l + 60 = -9*l, -4*l - 4 = 0. Suppose 2*t + 98 = 3*t. Let r = t + -14. What is the highest common factor of r and g?
28
Let y be (-4)/(-26) - 532/(-91). Suppose -m - 6 = -l, -5*m + 2*m - 24 = -5*l. Let w = m + y. What is the highest common divisor of w and 2?
1
Let p = -192 - -198. What is the highest common divisor of p and 252?
6
Let s(o) = 13*o**2 + 9*o + 28. Let j be s(-4). Calculate the highest common factor of j and 8.
8
Let y(w) be the third derivative of w**4/24 + w**3/2 + w**2. Suppose -m - 7 = -11. Let j be y(m). What is the highest common factor of j and 49?
7
Let m(a) = a**2 - 22*a - 12. Let n be m(25). Let q(c) = -2*c + 19. Let p be q(5). Calculate the highest common divisor of p and n.
9
Let m be (-2 - -2)/(-3) + 93 + -30. What is the greatest common factor of 504 and m?
63
Let q = -131 + 192. Suppose 3*r - q = -2*o, -7 + 22 = 5*r. Suppose 3*x + 23 = 3*m - 10, 0 = m + 2*x - 17. Calculate the highest common divisor of m and o.
13
Let b(f) = -f**3 + 5*f**2 - 5*f + 3. Let z(w) = w**2 - 3*w - 9. Let h be z(5). Let q = h - -2. Let u be b(q). Calculate the highest common divisor of 24 and u.
6
Let n be 878/8 + 11/44. Calculate the highest common factor of n and 66.
22
Suppose 250*s + 1100 = 275*s. Let i = 24 + -13. Calculate the greatest common divisor of s and i.
11
Let h be 8/6*(-3 + 18). Suppose o - 9 = 4*o. Let z be (-6 - o)*-10*6. Calculate the greatest common factor of z and h.
20
Let b(i) = -i**2 + 11*i + 15. Let z be b(11). Let r be -6*(2/(-5) - (-781)/(-110)). What is the greatest common divisor of z and r?
15
Let s(z) = z**3 - z + 3. Let b be s(0). Suppose 0 = -5*m - b*j + 90, 0 = -3*m - 5*j + 4*j + 54. What is the highest common divisor of 99 and m?
9
Let t(f) = 2*f**3 - 7*f**2 - f + 1. Let u be t(4). Calculate the highest common divisor of u and 39.
13
Suppose q - 21 + 5 = 0. Let c be ((-408)/(-14))/3 - q/(-56). Calculate the highest common divisor of 100 and c.
10
Suppose 21*d - 17*d = -20, -5*r + 310 = 3*d. What is the highest common divisor of 39 and r?
13
Let m be (10 - 14)*(-1 - 3). Suppose -m = 3*s - 739. Suppose 5*c - s = -3*y, -c - 2*c - 57 = -y. What is the highest common divisor of 8 and y?
8
Let o(y) be the second derivative of 5*y**3/3 - 7*y**2/2 + 10*y. Let u be o(2). What is the highest common divisor of 143 and u?
13
Suppose 20 = -d + 5*d. Suppose -d*o + 63 = -57. Let u be (-8)/10 - 184/(-5). What is the highest common factor of o and u?
12
Let q be (4/7)/(7/637). Suppose -260 = -2*j - 2*j. Calculate the highest common divisor of q and j.
13
Let v(f) = -17*f**3 - 5*f**2 - 12*f - 5. Let r be v(-2). Suppose 4*n - 127 = -19. Calculate the highest common divisor of r and n.
27
Suppose 0 = 5*k - 3*k + 3*t - 60, -2*k - 5*t = -52. Calculate the greatest common divisor of 288 and k.
36
Let r(k) = 3*k**2 + 13*k + 16. Let g be r(-9). Suppose -8*t + g = -34. What is the highest common factor of t and 22?
2